r of c and g?
7
Suppose -11 = 5*n - 41. Calculate the highest common factor of 30 and n.
6
Suppose 0 = 9*y - 11*y + 16. What is the highest common divisor of 40 and y?
8
Suppose 0 = 3*i - 153 + 36. What is the greatest common divisor of i and 156?
39
Let v(s) = 2*s + 7. Let q be v(0). Let z = q - -4. What is the highest common divisor of z and 77?
11
Let i(t) = 9*t**2. Suppose 3*n - 3 = 3. Suppose -n - 1 = -3*y. Let f be i(y). Calculate the greatest common factor of f and 18.
9
Let d = 15 - 4. Suppose -2*g - 7*p = -3*p - 54, g - p - 36 = 0. Calculate the greatest common factor of d and g.
11
Let n = 24 - 21. Suppose n*s - 50 = -2*s. Let o = -15 + 85. Calculate the highest common factor of s and o.
10
Suppose 2*r + 2*r - 12 = -5*n, -6 = -n + r. Let d be (1 - n)*-1*13. What is the greatest common divisor of 26 and d?
13
Suppose 0 = 2*r + c - 9, 3*r + 4*c = -c + 17. Let k(z) = -22*z - 100. Let j be k(-6). What is the highest common factor of r and j?
4
Let a(k) = -k**3 + 5*k**2 + 7*k. Let u be a(6). Let g be (-2 + 11)*28/u. What is the greatest common factor of g and 6?
6
Let o be (120/14)/6*7. What is the greatest common factor of 110 and o?
10
Suppose 0 = 6*z - 730 - 596. What is the greatest common divisor of 13 and z?
13
Suppose -2*c = 2*c. Suppose 5*i - 33 - 27 = c. Calculate the highest common divisor of i and 48.
12
Let s be 5/2 + 2/(-4). Suppose -a = -s*a + 9. Let u = 4 - 3. Calculate the greatest common divisor of a and u.
1
Suppose 6*w - 735 = -w. Suppose -1 = -p - 2. Let x = 20 - p. What is the highest common divisor of x and w?
21
Let n be 2/(-6) + (-67)/(-3). Suppose -93 = -4*k + z, -4 = 5*k + 3*z - 99. What is the greatest common divisor of k and n?
22
Suppose 13*h = 8*h + 260. What is the greatest common factor of h and 26?
26
Let x be 6/8 + 270/24. Suppose 0 = -s + 20 - x. Calculate the greatest common factor of 72 and s.
8
Let w = 0 + 9. Calculate the highest common factor of w and 63.
9
Suppose 0 = -4*f + 2*r + 138, -3*f + f = -3*r - 71. Calculate the greatest common divisor of 306 and f.
34
Let u = -13 - -20. Suppose 0 = 2*l - 21 - 7. Suppose -l = 6*a - 7*a. What is the greatest common divisor of a and u?
7
Let m(f) = f**2 + f - 2. Let x be m(-3). Suppose 0 = -r - 4*u - u - 8, -22 = -x*r - 2*u. Calculate the greatest common divisor of r and 7.
7
Let f = 41 + 1. Suppose 3*v = 5*z + f, 0 = 2*v + z - 3*z - 24. Let o be (-3)/((-6)/2)*54. Calculate the highest common factor of o and v.
9
Let s = -21 + 41. Calculate the greatest common divisor of 30 and s.
10
Suppose 275 = 4*w + 71. Suppose 6*m - 273 = w. Let p(f) = -f**3 + 4*f**2 + 3*f - 6. Let u be p(4). Calculate the greatest common divisor of m and u.
6
Let v be (-6 - -13)*(-44)/(-14). Calculate the highest common factor of 176 and v.
22
Suppose -180 = -2*y - 3*y - 4*h, 2*y + 2*h - 74 = 0. Let t = y + -17. Calculate the highest common divisor of 165 and t.
15
Let f be 2/8 + (-3663)/(-36). Let s = 256 - f. What is the highest common factor of 22 and s?
22
Let n(l) = 5*l - 13. Let b be n(6). Suppose -237 - 396 = -3*s - 3*u, 2*s = 2*u + 422. Suppose 3*v - s = -7. What is the greatest common factor of v and b?
17
Suppose -5*h + 7 = -83. Let g = -6 + h. What is the greatest common factor of g and 96?
12
Suppose 0 = -2*u + 4*h + 4, 2*u + h = 4*h + 2. Let p be ((-3)/u)/1*42. Calculate the greatest common factor of 9 and p.
9
Suppose 2*r - 1 = -13. Let a be (-4)/r - (-21)/9. Calculate the greatest common factor of 24 and a.
3
Suppose -4*l + 64 = 2*x, 5*x - 2*l - 124 = -0*l. Suppose -x = -5*f + 4*f. Let s be (-4)/f + 54/13. What is the greatest common divisor of s and 8?
4
Suppose -2*b = 2*b - 364. What is the highest common divisor of 13 and b?
13
Suppose -389 = 13*c - 16*c - 4*n, -3*c - 3*n + 384 = 0. What is the highest common divisor of c and 41?
41
Suppose h + 3 = 0, -o - 2*o - 2*h + 264 = 0. Calculate the greatest common factor of 60 and o.
30
Let t = -17 - -12. Let p = 11 + t. Let v(a) = 6*a. Let x be v(5). Calculate the greatest common divisor of p and x.
6
Let l(i) = 2*i + 3. Let w be l(7). Suppose 6*g - 5*g - w = 0. What is the greatest common divisor of g and 136?
17
Let f be 111/18 + (-3)/(-36)*-2. Let k be (4/(-3))/(4/(-18)). What is the highest common factor of f and k?
6
Suppose x = 3*l + 33, -3*x - 17*l = -12*l - 155. What is the highest common divisor of 9 and x?
9
Let o be (-2 - -6)/((-1)/(-2)). What is the highest common divisor of 56 and o?
8
Let b be ((-30)/(-25))/(2/(-30)). Let h be 36/(-27)*b*1. What is the highest common factor of 216 and h?
24
Let v = 8 + 16. Calculate the greatest common factor of v and 3.
3
Let n = 63 + -60. Suppose 2*g - 12 = -2*t, -3 = g - t - 1. What is the greatest common factor of n and g?
1
Let q = -6 - -22. Calculate the greatest common divisor of q and 24.
8
Let d be (-45)/(-6)*(-32)/(-5). Suppose d + 22 = 2*z. What is the highest common divisor of z and 5?
5
Suppose -y + 0*y - 4*f = -16, 5*y + 5*f = 35. What is the highest common divisor of 12 and y?
4
Suppose 0 = -2*u - 2*z + 144, -3*u + 216 = -z - 3*z. What is the highest common factor of 8 and u?
8
Let d(x) = x**2 - 6*x + 20. Let z be d(11). Let v be -2 - -2 - 60/(-2). Calculate the highest common factor of z and v.
15
Let d(k) = k + 2. Let m be d(-7). Let z be 4/8*-2*m. What is the highest common divisor of 15 and z?
5
Let q be 4/(-6)*-15*5. Let h = 60 + -40. What is the greatest common divisor of h and q?
10
Suppose 4*i - 3*s - 1 = 0, -i - s + 13 = i. Calculate the greatest common factor of i and 16.
4
Let d be 10*(-3)/(-18)*3. Let l be 6/(-4)*12/(-18). Calculate the greatest common divisor of l and d.
1
Let r(x) = -104*x + 1. Let p be r(-1). Let v(c) = 6*c + 3. Let a be v(2). What is the greatest common factor of a and p?
15
Let u be (-2)/6*-11*3. Let g = 5 - u. Let c be (g + 0)/((-6)/8). What is the greatest common factor of c and 1?
1
Suppose 0*x + 5*x - 90 = 0. What is the highest common factor of x and 9?
9
Let q(v) = -v**2 - 8*v + 2. Let f be q(-8). Suppose -r = -2*r + 4. Suppose -n - 24 = -a, -r*n + 24 = -0*a + f*a. What is the highest common divisor of a and 50?
10
Suppose 0 = 5*p - 2*p - 30. Let s be (4 - 632/(-40)) + 1/5. What is the greatest common divisor of s and p?
10
Let v(g) = g**3 - 10*g**2 + 10*g - 1. Let z be v(9). Suppose -b = 26 - 66. What is the greatest common factor of b and z?
8
Suppose 7*a - 525 - 861 = 0. Suppose -3*c = 2*c - 90. Calculate the greatest common factor of c and a.
18
Let m be ((-45)/(-10) - 4)*50. What is the greatest common factor of 25 and m?
25
Let f = 278 - 124. What is the greatest common factor of f and 14?
14
Let u = -56 + 104. Let m = u - 28. Let r = m - 6. What is the highest common divisor of r and 2?
2
Let d = 203 + -107. Let n(f) = f**3 + 8*f**2 + 5*f - 2. Let z = -9 - -2. Let g be n(z). Calculate the highest common factor of d and g.
12
Let f(w) = -w**2 + 8*w + 4. Let i be f(8). What is the greatest common factor of i and 8?
4
Let z = 4 + -4. Suppose z*o = -5*o + 5. What is the greatest common factor of 9 and o?
1
Let l = -17 + 33. What is the greatest common factor of l and 16?
16
Let i = -19 + 19. Let r(a) = -3*a**2 + 2*a**2 + 11 + 0*a**2 + a**3 - a. Let w be r(i). What is the greatest common divisor of w and 121?
11
Let a = 32 + 16. Let h be 5*(-1 - (-34)/10). Calculate the greatest common divisor of h and a.
12
Let c = -7 - -4. Let m(t) = 6*t + 1. Let p be m(6). Let h = p + c. Calculate the greatest common divisor of 51 and h.
17
Suppose 56 + 88 = 6*a. What is the greatest common factor of 6 and a?
6
Suppose 0 = -3*l + 238 + 227. Calculate the greatest common divisor of 31 and l.
31
Suppose -19 = -m - 0*m. What is the highest common factor of m and 133?
19
Suppose 14 = -5*t + 84. What is the greatest common factor of 6 and t?
2
Let o(x) = 4*x**2 - 16*x + 17. Let h be o(1). Let r be (8/6 + -2)*-3. Suppose 2*w - 40 = -r*w. Calculate the greatest common divisor of h and w.
5
Suppose 2*w + w = 36. Suppose 4*z - 56 = -w. Let x(b) = 2*b - 9. Let r be x(z). What is the highest common factor of r and 13?
13
Suppose -w + 65 = -5*a - 4*w, -2*w = 10. Let q be a/(-2) + -1*3. Suppose 0 = -o + 2*m + 59, q*m - 72 - 64 = -2*o. What is the highest common factor of 26 and o?
13
Suppose 8*a - 215 = 65. What is the highest common divisor o